[INFO] cloning repository https://github.com/doy/nbsh
[INFO] running `Command { std: "git" "-c" "credential.helper=" "-c" "credential.helper=/workspace/cargo-home/bin/git-credential-null" "clone" "--bare" "https://github.com/doy/nbsh" "/workspace/cache/git-repos/https%3A%2F%2Fgithub.com%2Fdoy%2Fnbsh", kill_on_drop: false }`
[INFO] [stderr] Cloning into bare repository '/workspace/cache/git-repos/https%3A%2F%2Fgithub.com%2Fdoy%2Fnbsh'...
[INFO] running `Command { std: "git" "rev-parse" "HEAD", kill_on_drop: false }`
[INFO] [stdout] c8bcf801171782819d93a5dace5cd516fc727538
[INFO] checking doy/nbsh against master#af3c6e733a40e671550e0f0f5aeecaa13772ba56 for pr-74989
[INFO] running `Command { std: "git" "clone" "/workspace/cache/git-repos/https%3A%2F%2Fgithub.com%2Fdoy%2Fnbsh" "/workspace/builds/worker-1/source", kill_on_drop: false }`
[INFO] [stderr] Cloning into '/workspace/builds/worker-1/source'...
[INFO] [stderr] done.
[INFO] validating manifest of git repo https://github.com/doy/nbsh on toolchain af3c6e733a40e671550e0f0f5aeecaa13772ba56
[INFO] running `Command { std: "/workspace/cargo-home/bin/cargo" "+af3c6e733a40e671550e0f0f5aeecaa13772ba56" "read-manifest" "--manifest-path" "Cargo.toml", kill_on_drop: false }`
[INFO] started tweaking git repo https://github.com/doy/nbsh
[INFO] finished tweaking git repo https://github.com/doy/nbsh
[INFO] tweaked toml for git repo https://github.com/doy/nbsh written to /workspace/builds/worker-1/source/Cargo.toml
[INFO] crate git repo https://github.com/doy/nbsh already has a lockfile, it will not be regenerated
[INFO] running `Command { std: "/workspace/cargo-home/bin/cargo" "+af3c6e733a40e671550e0f0f5aeecaa13772ba56" "fetch" "--locked" "--manifest-path" "Cargo.toml", kill_on_drop: false }`
[INFO] [stderr]     Blocking waiting for file lock on package cache
[INFO] running `Command { std: "docker" "create" "-v" "/var/lib/crater-agent-workspace/builds/worker-1/target:/opt/rustwide/target:rw,Z" "-v" "/var/lib/crater-agent-workspace/builds/worker-1/source:/opt/rustwide/workdir:ro,Z" "-v" "/var/lib/crater-agent-workspace/cargo-home:/opt/rustwide/cargo-home:ro,Z" "-v" "/var/lib/crater-agent-workspace/rustup-home:/opt/rustwide/rustup-home:ro,Z" "-e" "SOURCE_DIR=/opt/rustwide/workdir" "-e" "CARGO_TARGET_DIR=/opt/rustwide/target" "-e" "CARGO_HOME=/opt/rustwide/cargo-home" "-e" "RUSTUP_HOME=/opt/rustwide/rustup-home" "-w" "/opt/rustwide/workdir" "-m" "1610612736" "--user" "0:0" "--network" "none" "rustops/crates-build-env@sha256:d92eaeed33fa75130ca1ee6c8a01d1ffb62bac859dfdfb3450e3e5d1c0146529" "/opt/rustwide/cargo-home/bin/cargo" "+af3c6e733a40e671550e0f0f5aeecaa13772ba56" "metadata" "--no-deps" "--format-version=1", kill_on_drop: false }`
[INFO] [stdout] 6cbc1bd5738ef597961ae04ea1b050c85a680235880b388521141b6ebae6fcfb
[INFO] [stderr] WARNING: Your kernel does not support swap limit capabilities or the cgroup is not mounted. Memory limited without swap.
[INFO] running `Command { std: "docker" "start" "-a" "6cbc1bd5738ef597961ae04ea1b050c85a680235880b388521141b6ebae6fcfb", kill_on_drop: false }`
[INFO] running `Command { std: "docker" "inspect" "6cbc1bd5738ef597961ae04ea1b050c85a680235880b388521141b6ebae6fcfb", kill_on_drop: false }`
[INFO] running `Command { std: "docker" "rm" "-f" "6cbc1bd5738ef597961ae04ea1b050c85a680235880b388521141b6ebae6fcfb", kill_on_drop: false }`
[INFO] [stdout] 6cbc1bd5738ef597961ae04ea1b050c85a680235880b388521141b6ebae6fcfb
[INFO] running `Command { std: "docker" "create" "-v" "/var/lib/crater-agent-workspace/builds/worker-1/target:/opt/rustwide/target:rw,Z" "-v" "/var/lib/crater-agent-workspace/builds/worker-1/source:/opt/rustwide/workdir:ro,Z" "-v" "/var/lib/crater-agent-workspace/cargo-home:/opt/rustwide/cargo-home:ro,Z" "-v" "/var/lib/crater-agent-workspace/rustup-home:/opt/rustwide/rustup-home:ro,Z" "-e" "SOURCE_DIR=/opt/rustwide/workdir" "-e" "CARGO_TARGET_DIR=/opt/rustwide/target" "-e" "CARGO_INCREMENTAL=0" "-e" "RUST_BACKTRACE=full" "-e" "RUSTFLAGS=--cap-lints=forbid" "-e" "CARGO_HOME=/opt/rustwide/cargo-home" "-e" "RUSTUP_HOME=/opt/rustwide/rustup-home" "-w" "/opt/rustwide/workdir" "-m" "1610612736" "--user" "0:0" "--network" "none" "rustops/crates-build-env@sha256:d92eaeed33fa75130ca1ee6c8a01d1ffb62bac859dfdfb3450e3e5d1c0146529" "/opt/rustwide/cargo-home/bin/cargo" "+af3c6e733a40e671550e0f0f5aeecaa13772ba56" "check" "--frozen" "--all" "--all-targets" "--message-format=json", kill_on_drop: false }`
[INFO] [stdout] b3d84f47119bbf6d58b377b7a4e3b3fcccef9b6ca5aa06de73d5c59b517e3295
[INFO] [stderr] WARNING: Your kernel does not support swap limit capabilities or the cgroup is not mounted. Memory limited without swap.
[INFO] running `Command { std: "docker" "start" "-a" "b3d84f47119bbf6d58b377b7a4e3b3fcccef9b6ca5aa06de73d5c59b517e3295", kill_on_drop: false }`
[INFO] [stderr]    Compiling libc v0.2.65
[INFO] [stderr]     Checking cfg-if v0.1.10
[INFO] [stderr]    Compiling semver-parser v0.7.0
[INFO] [stderr]     Checking futures v0.1.29
[INFO] [stderr]     Checking lazy_static v1.4.0
[INFO] [stderr]    Compiling log v0.4.8
[INFO] [stderr]     Checking slab v0.4.2
[INFO] [stderr]     Checking scopeguard v1.0.0
[INFO] [stderr]    Compiling byteorder v1.3.2
[INFO] [stderr]    Compiling maybe-uninit v2.0.0
[INFO] [stderr]    Compiling autocfg v0.1.7
[INFO] [stderr]     Checking fnv v1.0.6
[INFO] [stderr]    Compiling proc-macro2 v0.4.30
[INFO] [stderr]    Compiling unicode-xid v0.1.0
[INFO] [stderr]     Checking arc-swap v0.4.3
[INFO] [stderr]    Compiling syn v0.15.44
[INFO] [stderr]    Compiling doc-comment v0.3.1
[INFO] [stderr]     Checking rustc-demangle v0.1.16
[INFO] [stderr]     Checking lock_api v0.3.1
[INFO] [stderr]     Checking crossbeam-utils v0.6.6
[INFO] [stderr]    Compiling semver v0.9.0
[INFO] [stderr]     Checking crossbeam-queue v0.1.2
[INFO] [stderr]    Compiling crossbeam-utils v0.7.0
[INFO] [stderr]    Compiling crossbeam-epoch v0.8.0
[INFO] [stderr]     Checking smallvec v0.6.13
[INFO] [stderr]    Compiling rustc_version v0.2.3
[INFO] [stderr]    Compiling parking_lot_core v0.6.2
[INFO] [stderr]    Compiling parking_lot v0.9.0
[INFO] [stderr]    Compiling memoffset v0.5.3
[INFO] [stderr]    Compiling quote v0.6.13
[INFO] [stderr]     Checking crossbeam-deque v0.7.2
[INFO] [stderr]     Checking tokio-executor v0.1.8
[INFO] [stderr]     Checking tokio-sync v0.1.7
[INFO] [stderr]     Checking futures01 v0.1.29
[INFO] [stderr]     Checking component-future v0.1.1
[INFO] [stderr]     Checking tokio-timer v0.2.11
[INFO] [stderr]     Checking tokio-current-thread v0.1.6
[INFO] [stderr]     Checking iovec v0.1.4
[INFO] [stderr]     Checking net2 v0.2.33
[INFO] [stderr]     Checking num_cpus v1.11.1
[INFO] [stderr]     Checking signal-hook-registry v1.1.1
[INFO] [stderr]     Checking backtrace-sys v0.1.32
[INFO] [stderr]     Checking term_size v0.3.1
[INFO] [stderr]     Checking nix v0.15.0
[INFO] [stderr]     Checking backtrace v0.3.40
[INFO] [stderr]     Checking bytes v0.4.12
[INFO] [stderr]     Checking tokio-threadpool v0.1.16
[INFO] [stderr]     Checking signal-hook v0.1.11
[INFO] [stderr]     Checking mio v0.6.19
[INFO] [stderr]     Checking tokio-io v0.1.12
[INFO] [stderr]     Checking mio-uds v0.6.7
[INFO] [stderr]     Checking crossterm v0.13.3
[INFO] [stderr]     Checking tokio-reactor v0.1.10
[INFO] [stderr]     Checking tokio-codec v0.1.1
[INFO] [stderr]     Checking tokio-fs v0.1.6
[INFO] [stderr]     Checking tokio-tcp v0.1.3
[INFO] [stderr]     Checking tokio-udp v0.1.5
[INFO] [stderr]     Checking tokio-uds v0.2.5
[INFO] [stderr]     Checking tokio-signal v0.2.7
[INFO] [stderr]     Checking tokio v0.1.22
[INFO] [stderr]     Checking tokio-pty-process v0.4.0
[INFO] [stderr]    Compiling snafu-derive v0.5.0
[INFO] [stderr]     Checking snafu v0.5.0
[INFO] [stderr]     Checking tokio-terminal-resize v0.1.0
[INFO] [stderr]     Checking tokio-pty-process-stream v0.2.0
[INFO] [stderr]     Checking nbsh v0.1.0 (/opt/rustwide/workdir)
[INFO] [stdout] error[E0432]: unresolved import `tokio_pty_process`
[INFO] [stdout]  --> examples/pty.rs:2:5
[INFO] [stdout]   |
[INFO] [stdout] 2 | use tokio_pty_process::CommandExt;
[INFO] [stdout]   |     ^^^^^^^^^^^^^^^^^ use of undeclared type or module `tokio_pty_process`
[INFO] [stdout] 
[INFO] [stdout] 
[INFO] [stdout] error[E0433]: failed to resolve: could not find `RawScreen` in `crossterm`
[INFO] [stdout]  --> examples/raw.rs:4:30
[INFO] [stdout]   |
[INFO] [stdout] 4 |     let _screen = crossterm::RawScreen::into_raw_mode().unwrap();
[INFO] [stdout]   |                              ^^^^^^^^^ not found in `crossterm`
[INFO] [stdout]   |
[INFO] [stdout] help: consider importing this struct
[INFO] [stdout]   |
[INFO] [stdout] 1 | use crossterm::screen::RawScreen;
[INFO] [stdout]   |
[INFO] [stdout] 
[INFO] [stdout] 
[INFO] [stdout] error[E0433]: failed to resolve: use of undeclared type or module `tokio_pty_process`
[INFO] [stdout]  --> examples/pty.rs:6:22
[INFO] [stdout]   |
[INFO] [stdout] 6 |         let master = tokio_pty_process::AsyncPtyMaster::open().unwrap();
[INFO] [stdout]   |                      ^^^^^^^^^^^^^^^^^ use of undeclared type or module `tokio_pty_process`
[INFO] [stdout] 
[INFO] [stdout] 
[INFO] [stdout] error: aborting due to previous error
[INFO] [stdout] 
[INFO] [stdout] 
[INFO] [stdout] For more information about this error, try `rustc --explain E0433`.
[INFO] [stdout] 
[INFO] [stderr] error: could not compile `nbsh`.
[INFO] [stderr] 
[INFO] [stderr] To learn more, run the command again with --verbose.
[INFO] [stderr] warning: build failed, waiting for other jobs to finish...
[INFO] [stdout] error[E0599]: no method named `spawn_pty_async` found for mutable reference `&mut Command` in the current scope
[INFO] [stdout]   --> examples/pty.rs:10:14
[INFO] [stdout]    |
[INFO] [stdout] 10 |             .spawn_pty_async(&master)
[INFO] [stdout]    |              ^^^^^^^^^^^^^^^ method not found in `&mut Command`
[INFO] [stdout]    |
[INFO] [stdout]    = help: items from traits can only be used if the trait is in scope
[INFO] [stdout] help: the following trait is implemented but not in scope; perhaps add a `use` for it:
[INFO] [stdout]    |
[INFO] [stdout] 1  | use tokio_pty_process::CommandExt;
[INFO] [stdout]    |
[INFO] [stdout] 
[INFO] [stdout] 
[INFO] [stdout] error: aborting due to 3 previous errors
[INFO] [stdout] 
[INFO] [stdout] 
[INFO] [stdout] Some errors have detailed explanations: E0432, E0433, E0599.
[INFO] [stdout] 
[INFO] [stdout] For more information about an error, try `rustc --explain E0432`.
[INFO] [stdout] 
[INFO] [stderr] error: build failed
[INFO] running `Command { std: "docker" "inspect" "b3d84f47119bbf6d58b377b7a4e3b3fcccef9b6ca5aa06de73d5c59b517e3295", kill_on_drop: false }`
[INFO] running `Command { std: "docker" "rm" "-f" "b3d84f47119bbf6d58b377b7a4e3b3fcccef9b6ca5aa06de73d5c59b517e3295", kill_on_drop: false }`
[INFO] [stdout] b3d84f47119bbf6d58b377b7a4e3b3fcccef9b6ca5aa06de73d5c59b517e3295
